is the remainder when 162659 is divided by 262?
219
What is the remainder when 104589290 is divided by 273?
260
What is the remainder when 38570 is divided by 38244?
326
Calculate the remainder when 63930 is divided by 14050.
7730
Calculate the remainder when 5738 is divided by 1802.
332
Calculate the remainder when 11856885 is divided by 283.
34
What is the remainder when 36211 is divided by 36186?
25
What is the remainder when 121093 is divided by 30218?
221
Calculate the remainder when 622800964 is divided by 7678.
7672
Calculate the remainder when 10352339 is divided by 79632.
179
Calculate the remainder when 274793 is divided by 15169.
1751
What is the remainder when 14189 is divided by 2105?
1559
Calculate the remainder when 53731 is divided by 326.
267
Calculate the remainder when 6365453 is divided by 3.
2
What is the remainder when 25491405 is divided by 667?
666
What is the remainder when 9614202 is divided by 1931?
1684
What is the remainder when 224512 is divided by 1163?
53
What is the remainder when 18177523 is divided by 18177497?
26
What is the remainder when 949234 is divided by 157577?
3772
Calculate the remainder when 40077360 is divided by 2677.
2670
What is the remainder when 28702 is divided by 13426?
1850
What is the remainder when 176721 is divided by 413?
370
Calculate the remainder when 12543 is divided by 2058.
195
What is the remainder when 34304555 is divided by 66?
65
Calculate the remainder when 382957 is divided by 47607.
2101
What is the remainder when 302572 is divided by 7195?
382
What is the remainder when 175943 is divided by 35183?
28
Calculate the remainder when 81737408 is divided by 10.
8
Calculate the remainder when 6822 is divided by 3126.
570
Calculate the remainder when 1888304 is divided by 85.
29
Calculate the remainder when 3786630 is divided by 280.
190
What is the remainder when 831590 is divided by 6?
2
Calculate the remainder when 846726 is divided by 84431.
2416
What is the remainder when 5405052 is divided by 101980?
112
Calculate the remainder when 7547743 is divided by 4982.
13
Calculate the remainder when 164526 is divided by 369.
321
What is the remainder when 25453 is divided by 954?
649
What is the remainder when 955544 is divided by 423?
410
Calculate the remainder when 768571 is divided by 7683.
271
Calculate the remainder when 19075 is divided by 6280.
235
What is the remainder when 718999 is divided by 440?
39
What is the remainder when 10177723 is divided by 446?
3
Calculate the remainder when 33484601 is divided by 3793.
3790
What is the remainder when 2855818 is divided by 5222?
4606
Calculate the remainder when 111888 is divided by 55239.
1410
Calculate the remainder when 439020 is divided by 62717.
1
What is the remainder when 1044959 is divided by 514?
511
What is the remainder when 909966 is divided by 2176?
398
Calculate the remainder when 4442726 is divided by 170873.
28
What is the remainder when 728087 is divided by 4412?
107
Calculate the remainder when 2072505 is divided by 1782.
39
What is the remainder when 102303 is divided by 840?
663
Calculate the remainder when 2334232 is divided by 2238.
2236
Calculate the remainder when 139500597 is divided by 66.
27
Calculate the remainder when 477832 is divided by 650.
82
Calculate the remainder when 78238707 is divided by 3304.
3291
What is the remainder when 620986 is divided by 62086?
126
Calculate the remainder when 15262391 is divided by 218.
211
What is the remainder when 802411 is divided by 28644?
379
Calculate the remainder when 1879040 is divided by 386.
378
Calculate the remainder when 439544 is divided by 18314.
8
Calculate the remainder when 63044887 is divided by 15.
7
What is the remainder when 336491 is divided by 111773?
1172
Calculate the remainder when 7031397 is divided by 1974.
9
What is the remainder when 145824276 is divided by 482?
478
Calculate the remainder when 1594047 is divided by 38879.
8
What is the remainder when 21044393 is divided by 450?
143
Calculate the remainder when 2778714 is divided by 1192.
162
Calculate the remainder when 4937 is divided by 734.
533
Calculate the remainder when 26445 is divided by 5283.
30
Calculate the remainder when 84258 is divided by 2867.
1115
Calculate the remainder when 92938 is divided by 92296.
642
Calculate the remainder when 817794 is divided by 24781.
21
What is the remainder when 232891 is divided by 2992?
2507
Calculate the remainder when 6414 is divided by 4787.
1627
What is the remainder when 133500 is divided by 10228?
536
What is the remainder when 278860642 is divided by 169?
164
Calculate the remainder when 13434494 is divided by 32.
30
What is the remainder when 457726 is divided by 3927?
2194
What is the remainder when 1037770 is divided by 111?
31
What is the remainder when 6313850 is divided by 1564?
1546
What is the remainder when 243970 is divided by 12?
10
What is the remainder when 1002284 is divided by 7159?
24
Calculate the remainder when 3955312 is divided by 149.
107
What is the remainder when 23321 is divided by 10217?
2887
Calculate the remainder when 143576 is divided by 1663.
558
Calculate the remainder when 4768 is divided by 882.
358
What is the remainder when 1046070 is divided by 52301?
50
Calculate the remainder when 2792064 is divided by 2319.
2307
What is the remainder when 11728923 is divided by 10840?
43
What is the remainder when 136802429 is divided by 208?
205
What is the remainder when 30344690 is divided by 13?
12
What is the remainder when 5330 is divided by 510?
230
What is the remainder when 28857156 is divided by 2269?
14
What is the remainder when 884615 is divided by 396?
347
What is the remainder when 197705 is divided by 787?
168
Calculate the remainder when 7136408 is divided by 369.
317
Calculate the remainder when 39603 is divided by 38769.
834
Calculate the remainder when 593388 is divided by 5556.
4452
What is the remainder when 18808 is divided by 1227?
403
Calculate the remainder when 2242054 is divided by 140127.
22
What is the remainder when 1427673 is divided by 696?
177
What is the remainder when 1552194 is divided by 7?
0
What is the remainder when 11414121 is divided by 88?
81
What is the remainder when 54881 is divided by 26989?
903
What is the remainder when 72431527 is divided by 842227?
5
Calculate the remainder when 975482 is divided by 68.
22
What is the remainder when 7496434 is divided by 321?
121
Calculate the remainder when 6914617 is divided by 5402.
57
Calculate the remainder when 299432235 is divided by 42.
39
Calculate the remainder when 62391 is divided by 9863.
3213
Calculate the remainder when 4911004 is divided by 2455502.
0
Calculate the remainder when 129201783 is divided by 9.
6
Calculate the remainder when 21900 is divided by 20988.
912
What is the remainder when 2347170 is divided by 41?
2
What is the remainder when 30591563 is divided by 8093?
23
Calculate the remainder when 1693604 is divided by 1779.
1775
Calculate the remainder when 546770 is divided by 65.
55
What is the remainder when 48523858 is divided by 20?
18
Calculate the remainder when 3105 is divided by 721.
221
Calculate the remainder when 222932 is divided by 10588.
584
What is the remainder when 7246035 is divided by 10278?
45
What is the remainder when 720105 is divided by 93?
6
Calculate the remainder when 92613 is divided by 3405.
678
Calculate the remainder when 147223 is divided by 10512.
55
What is the remainder when 186044 is divided by 4650?
44
Calculate the remainder when 16399365 is divided by 46.
43
Calculate the remainder when 215526 is divided by 288.
102
What is the remainder when 863765 is divided by 246?
59
Calculate the remainder when 608529811 is divided by 713.
710
Calculate the remainder when 428215 is divided by 140980.
5275
Calculate the remainder when 30551085 is divided by 146.
1
What is the remainder when 2082016 is divided by 42490?
6
What is the remainder when 39409233 is divided by 3499?
3495
What is the remainder when 14087198 is divided by 419?
418
What is the remainder when 131540 is divided by 2392?
2372
What is the remainder when 193884 is divided by 466?
28
What is the remainder when 851679503 is divided by 312?
311
Calculate the remainder when 1194767794 is divided by